165. Let m = 50 - h. Calculate the remainder when 43 is divided by m.
13
Suppose -x - 15 = -6*x. Let z be 0*(9/(-6))/x. Suppose z = -5*d - 10, 5*g + 0*d = -5*d + 45. Calculate the remainder when 21 is divided by g.
10
Let k = -6 + 19. Suppose -4*d + 3*d + k = 0. Calculate the remainder when d is divided by 7.
6
Suppose 3*o - 21 + 5 = -2*c, 0 = -5*c + 4*o + 63. Let w = 64 - 36. Suppose u - w = 13. What is the remainder when u is divided by c?
8
Suppose 0 = -5*i - 4*j + 32, -4*i + 25 = -0*i + 3*j. Suppose 0 = 4*f + 5*y - 17, -4*y = -5*f - 5*y + 16. Calculate the remainder when i is divided by f.
1
Let b(j) = 6*j - 3. Let v be 9/2 + (-2)/4. Suppose -r + 0 + 16 = -5*d, 0 = 2*r + v*d - 60. Calculate the remainder when r is divided by b(2).
8
Let g = 27 + -28. Suppose f = -3*f - 12. Let t = g - f. Calculate the remainder when 5 is divided by t.
1
Suppose 4*u + 44 = 2*c, 3*u - 88 = -4*c - 0*u. What is the remainder when 65 is divided by c?
21
Suppose 2*b + 5*o - 38 - 5 = 0, -b - 2*o + 21 = 0. Calculate the remainder when b is divided by 76/10 + 3/(-5).
5
Suppose -2*z = 3*z - 110. Suppose a - 4*l - z = 0, a + 0*l = 3*l + 19. What is the remainder when a is divided by 6?
4
Suppose 2*h - 55 = -3*l + 14, -44 = -2*l - 2*h. Suppose 0 = 5*t + 4*s - 73, -s = -t - 4*s + 19. Calculate the remainder when l is divided by t.
12
Suppose 0 = 5*t - 5 - 5. Let f be 3 - (t + 0)/(-2). Suppose 2*r - f*y + 10 = 0, -17 + 67 = 5*r + 5*y. What is the remainder when 14 is divided by r?
4
Let f be (-12)/(-10)*(-10)/(-4). Suppose -f*k + 2 = -16. Calculate the remainder when 11 is divided by k.
5
Suppose 4 - 18 = -f. Calculate the remainder when 25 is divided by f.
11
Let r = -7 - -1. Let z = r - -15. Calculate the remainder when 15 is divided by z.
6
Suppose 3*r + 4*f - 2 = 2*r, 3*r = 3*f + 6. Suppose -5*g + 15 = 0, -r*t = 2*g + 1 - 15. What is the remainder when 13/((-2)/6*-3) is divided by t?
1
Let d(u) = -2*u + 7. Suppose 3*t - 1 - 14 = 0. Calculate the remainder when d(-3) is divided by t.
3
Suppose -8 = -2*w + 30. What is the remainder when 71 is divided by w?
14
Suppose 0 = -3*m - 19 + 61. Calculate the remainder when m is divided by 8.
6
Let y = 64 - 52. Let n(p) = -p**3 + 7*p**2 - 5*p - 3. What is the remainder when n(5) is divided by y?
10
Let z = -16 - -42. Calculate the remainder when 3/2 - (-377)/z is divided by 5.
1
Let a = 11 + -7. Suppose w + a*w = 75. Suppose 5*x = 203 - 63. Calculate the remainder when x is divided by w.
13
Let r(t) = t**2 + 3*t + 4. Suppose -2*c + 20 = -4. Calculate the remainder when r(3) is divided by c.
10
Suppose -5 = 5*z - 25. Suppose -z*b + 15 + 1 = 0. Calculate the remainder when (-3 + (-16)/(-6))*-30 is divided by b.
2
Suppose 0 = -c - a + 2, c - a + 1 = -5*a. What is the remainder when 36 is divided by c?
0
Let b = -15 + 30. Let z = 25 - b. Calculate the remainder when 1/(-3*(-3)/351) is divided by z.
9
Suppose -3*h - 4*y + 84 = 0, 3*h - 2*y + 51 - 135 = 0. What is the remainder when h is divided by 8?
4
Let m be (-2)/3 + 16/6. Let u = m - -20. Suppose 0 = s + j - u, -s = -3*j - 34 + 12. What is the remainder when 65 is divided by s?
21
Suppose -3*q = 5 - 47. What is the remainder when q is divided by 4?
2
Let w(i) = i**3 + 4*i**2 - 7*i + 2. Calculate the remainder when 21 is divided by w(-5).
9
Let x = 279 - 162. Calculate the remainder when x is divided by 24.
21
Let n(b) = b**3 + 7*b**2 + 4*b - 3. What is the remainder when 16 is divided by n(-6)?
7
Suppose -27 - 193 = -4*m. Calculate the remainder when m is divided by 28.
27
Let r(l) = 2*l**3 + 3*l**2 - 3*l - 4. Let s be r(3). Let t = 113 - s. What is the remainder when t is divided by 23?
22
Let s(p) = 30*p + 55. What is the remainder when s(5) is divided by 52?
49
Let u(d) = 19*d - 18. Let k be u(10). Suppose k = 4*f - 0*f. What is the remainder when f is divided by 23?
20
Suppose 5*c + 13 = -3*n + 4*n, -5*n + 23 = -4*c. What is the remainder when n is divided by 2?
1
Suppose -44 = -4*g - 16. What is the remainder when 26 is divided by g?
5
Let o(j) = 2*j. Suppose 4*q + 28 = 68. Calculate the remainder when q is divided by o(3).
4
Let z = 475 - 336. Calculate the remainder when z is divided by 35.
34
Calculate the remainder when 29 is divided by (16/(-20))/((-4)/50).
9
Let n(t) = 39*t + 1. Suppose -x + 3*x - 4 = 0. Let k be n(x). Suppose -5*h + s + 2*s = -k, h + 1 = -5*s. Calculate the remainder when 40 is divided by h.
12
Let l = 132 - 73. Calculate the remainder when 115 is divided by l.
56
Suppose -9 + 69 = 4*v. Calculate the remainder when 19 is divided by v.
4
Let l = 188 + -118. What is the remainder when l is divided by 24?
22
Let j = 13 + -10. Suppose 2*u = -j*u + 95. What is the remainder when 56 is divided by u?
18
Let i(m) = 5*m + 1. What is the remainder when 41 is divided by i(2)?
8
Let n(f) = -f**2 - 6*f. Let h be n(-5). Suppose -4*l + h*l = 6. Calculate the remainder when 22 is divided by l.
4
Let v(l) be the first derivative of -l**4/4 + 2*l**3/3 + l**2 + l + 2. Let s be v(-1). Calculate the remainder when (8/3)/(s/12) is divided by 9.
7
What is the remainder when 61 is divided by (-10)/15 - (-50)/3?
13
Let m(d) = 21*d**2. What is the remainder when 61 is divided by m(1)?
19
Let u be (-5 + (3 - 0))*-1. Calculate the remainder when 63/2 - 1/u is divided by 16.
15
Suppose -4*m + 3*u = -1, -4*m = -0*u - u - 11. Let y(g) = 4*g**2 - 6*g + 1. Calculate the remainder when y(m) is divided by 22.
19
What is the remainder when 91 + (-4 - 28/(-4)) is divided by 32?
30
What is the remainder when 29 is divided by (-1 + -11)/(21/(-28)*1)?
13
Let l be -2 + (-80)/(-2) + 2. Suppose 25 = 5*c, -3*k + 2*c - l = -276. What is the remainder when k is divided by 21?
19
Let l(a) = a**3 - 4*a**2. Suppose 3*x = -2*x + 4*p + 47, -3*p = 5*x - 26. What is the remainder when l(5) is divided by x?
4
Let v = 17 - 8. Calculate the remainder when 33 is divided by v.
6
Suppose 2*a + 3 = 5*b - 0*b, 0 = 2*b - 10. Let h = 36 + -5. What is the remainder when h is divided by a?
9
Let r(h) = h**3 - 7*h**2 - 12*h - 4. What is the remainder when r(9) is divided by 11?
6
Let h(g) = -27*g - 3. What is the remainder when 44 is divided by h(-1)?
20
Suppose -3*f + 29 = -4. Suppose -4*y - f = -i, 10 = 3*i - y - 1. Suppose w = -4*w + h + 24, -4*w + 28 = -i*h. What is the remainder when 10 is divided by w?
2
Suppose -2 = q - 0, -12 = 4*n - 2*q. What is the remainder when n/10 - (-207)/5 is divided by 21?
20
Let m(y) = y**3 + 8*y**2 - 16*y - 21. Calculate the remainder when m(-7) is divided by 13.
10
Let h = 5 + -3. Suppose h*o = o - 2. What is the remainder when 13 is divided by 5*(-2 - o - -1)?
3
Suppose -2*r = 15 - 1. Let g = 14 + r. Calculate the remainder when 19 is divided by g.
5
Calculate the remainder when 85 is divided by 600/27 - 2/9.
19
Let n(a) = -4*a**2 - 3*a - 1. Let g be n(-2). Let r = 27 + g. What is the remainder when r is divided by (6/(-5))/((-6)/45)?
7
Suppose -3*a = -2*x - 191, 4*x + 192 = 3*a + x. Calculate the remainder when a is divided by 8.
7
What is the remainder when 19 is divided by 3 - (-1 + 9/(-3))?
5
Let y(a) = a + 2. Let v be y(-2). Suppose 5*q - 65 = -v*q. Calculate the remainder when 62 is divided by q.
10
Let s(y) = y - 2. Calculate the remainder when s(14) is divided by 5.
2
Let i(p) = 2*p**2 - 6*p - 3. Let j be i(5). Let b = j - -23. Suppose 0 = -2*y - 0*y + b. Calculate the remainder when 39 is divided by y.
19
Let c be ((-8)/10)/((-2)/20). Suppose 4*n + n = 5. Calculate the remainder when (9 - n)*26/c is divided by 14.
12
Suppose 12 = 4*d - 8. Let n(s) = -3 + 3*s**2 + d + 2 + 8*s + s**2. Calculate the remainder when n(-5) is divided by 22.
20
Let h(z) = -2*z - 11. Calculate the remainder when 5 is divided by h(-8).
0
Let c(m) = -m**2 - 14*m + 2. Suppose 0 = 13*j - 17*j - 44. Calculate the remainder when c(j) is divided by 12.
11
Let r = 63 - 54. What is the remainder when r is divided by 6?
3
Suppose -3*b + 5*b - 174 = 2*v, 0 = -2*b - 5*v + 160. Suppose -o - 4*o = -b. What is the remainder when o is divided by 5?
2
What is the remainder when -2 + 24 - (4 + -7) is divided by 7?
4
Suppose -7 = -4*v + z - 63, -5*v - 83 = 2*z. What is the remainder when 2 - (1 + 0) - -10 is divided by 28/6 - (-10)/v?
3
Suppose -4 = 5*u + 3*y - 54, 5*y + 64 = 3*u. What is the remainder whe